{"id":586,"date":"2023-10-06T20:00:29","date_gmt":"2023-10-06T18:00:29","guid":{"rendered":"https:\/\/educareincomune.it\/?page_id=586"},"modified":"2025-03-24T17:16:24","modified_gmt":"2025-03-24T16:16:24","slug":"educare-in-comune-a-project-of-the-municipality-of-cantu-co","status":"publish","type":"page","link":"https:\/\/www.educareincomune.it\/en\/","title":{"rendered":"Home"},"content":{"rendered":"<div class=\"wpb-content-wrapper\"><p>[vc_row equal_height=&#8221;yes&#8221; content_placement=&#8221;top&#8221;][vc_column width=&#8221;1\/2&#8243;][vc_empty_space height=&#8221;40px&#8221;][vc_custom_heading text=&#8221;The project&#8221; font_container=&#8221;tag:h1|text_align:left&#8221; use_theme_fonts=&#8221;yes&#8221; css=&#8221;.vc_custom_1728059261298{margin-bottom: 20px !important;}&#8221;][vc_custom_heading text=&#8221;EDUCARE IN COMUNE is an initiative of the Municipality of Cant\u00f9, in partnership with MondoVisione and Progetto Sociale. It acts as a key resource for assisting families and the community, promoting educational resources and development opportunities.&#8221; font_container=&#8221;tag:p|font_size:18px|text_align:left&#8221; use_theme_fonts=&#8221;yes&#8221;][vc_custom_heading text=&#8221;At the help desk, the &#8220;Family Space&#8220; welcomes and guides minors and caregivers, connecting them with the available local resources. Additionally, through in-person or remote meetings, it provides support and information to meet the educational needs of the community.&#8221; font_container=&#8221;tag:p|font_size:18px|text_align:left&#8221; use_theme_fonts=&#8221;yes&#8221;][vc_empty_space height=&#8221;40px&#8221;][vc_custom_heading text=&#8221;Dove e quando&#8221; use_theme_fonts=&#8221;yes&#8221; css=&#8221;.vc_custom_1742310529647{margin-bottom: 20px !important;}&#8221;][vc_custom_heading text=&#8221;Sala Somaini, via dei Pizzi 9, Cant\u00f9&#8221; font_container=&#8221;tag:p|font_size:18px|text_align:left&#8221; use_theme_fonts=&#8221;yes&#8221; css=&#8221;&#8221;][vc_custom_heading text=&#8221;ORARI<br \/>\n&#8211; Luned\u00ec pomeriggio: dalle 16:00 alle 18:30<br \/>\n&#8211; Gioved\u00ec mattina: dalle 09:00 alle 11:30&#8243; font_container=&#8221;tag:p|font_size:18px|text_align:left&#8221; use_theme_fonts=&#8221;yes&#8221; css=&#8221;&#8221;][\/vc_column][vc_column width=&#8221;1\/2&#8243; offset=&#8221;vc_hidden-sm vc_hidden-xs&#8221;][vc_single_image image=&#8221;162&#8243; img_size=&#8221;full&#8221; css=&#8221;.vc_custom_1712149758272{margin-top: -50px !important;}&#8221;][\/vc_column][vc_column width=&#8221;1\/2&#8243; css=&#8221;.vc_custom_1710260023393{background-image: url(https:\/\/educareincomune.it\/wp-content\/uploads\/2024\/03\/pattern.jpg?id=162) !important;background-position: center !important;background-repeat: no-repeat !important;background-size: cover !important;}&#8221; offset=&#8221;vc_hidden-lg vc_hidden-md&#8221;][vc_empty_space height=&#8221;200px&#8221;][\/vc_column][\/vc_row][vc_row][vc_column css=&#8221;.vc_custom_1724769502860{margin-top: 0px !important;margin-bottom: 0px !important;padding-top: 0px !important;padding-bottom: 0px !important;}&#8221;][vc_column_text][\/vc_column_text][\/vc_column][\/vc_row][vc_row][vc_column css=&#8221;.vc_custom_1724769502860{margin-top: 0px !important;margin-bottom: 0px !important;padding-top: 0px !important;padding-bottom: 0px !important;}&#8221;][vc_column_text][\/vc_column_text][\/vc_column][\/vc_row]<\/p>\n<\/div>","protected":false},"excerpt":{"rendered":"<p>[vc_row equal_height=&#8221;yes&#8221; content_placement=&#8221;top&#8221;][vc_column width=&#8221;1\/2&#8243;][vc_empty_space height=&#8221;40px&#8221;][vc_custom_heading text=&#8221;The project&#8221; font_container=&#8221;tag:h1|text_align:left&#8221; use_theme_fonts=&#8221;yes&#8221; css=&#8221;.vc_custom_1728059261298{margin-bottom: 20px !important;}&#8221;][vc_custom_heading text=&#8221;EDUCARE IN COMUNE is an initiative of the Municipality of Cant\u00f9, in partnership with MondoVisione and Progetto Sociale. It acts as a key resource for assisting families and the community, promoting educational resources and development opportunities.&#8221; font_container=&#8221;tag:p|font_size:18px|text_align:left&#8221; use_theme_fonts=&#8221;yes&#8221;][vc_custom_heading text=&#8221;At the help desk, the&hellip;<\/p>\n","protected":false},"author":1,"featured_media":0,"parent":0,"menu_order":0,"comment_status":"closed","ping_status":"closed","template":"template-frontpage.php","meta":{"_acf_changed":false,"footnotes":""},"class_list":["post-586","page","type-page","status-publish","hentry"],"acf":[],"yoast_head":"<!-- This site is optimized with the Yoast SEO plugin v27.0 - https:\/\/yoast.com\/product\/yoast-seo-wordpress\/ -->\n<title>EDUCARE IN COMUNE - a project of the municipality of Cant\u00f9<\/title>\n<meta name=\"description\" content=\"Point of reference to support families and communities by promoting educational resources and development opportunities available in the area.\" \/>\n<meta name=\"robots\" content=\"index, follow, max-snippet:-1, max-image-preview:large, max-video-preview:-1\" \/>\n<link rel=\"canonical\" href=\"https:\/\/www.educareincomune.it\/en\/\" \/>\n<meta property=\"og:locale\" content=\"en_US\" \/>\n<meta property=\"og:type\" content=\"article\" \/>\n<meta property=\"og:title\" content=\"EDUCARE IN COMUNE - a project of the municipality of Cant\u00f9\" \/>\n<meta property=\"og:description\" content=\"Point of reference to support families and communities by promoting educational resources and development opportunities available in the area.\" \/>\n<meta property=\"og:url\" content=\"https:\/\/www.educareincomune.it\/en\/\" \/>\n<meta property=\"og:site_name\" content=\"Educare in comune a Cant\u00f9\" \/>\n<meta property=\"article:modified_time\" content=\"2025-03-24T16:16:24+00:00\" \/>\n<meta name=\"twitter:card\" content=\"summary_large_image\" \/>\n<meta name=\"twitter:label1\" content=\"Est. reading time\" \/>\n\t<meta name=\"twitter:data1\" content=\"2 minutes\" \/>\n<script type=\"application\/ld+json\" class=\"yoast-schema-graph\">{\"@context\":\"https:\/\/schema.org\",\"@graph\":[{\"@type\":\"WebPage\",\"@id\":\"https:\/\/www.educareincomune.it\/en\/\",\"url\":\"https:\/\/www.educareincomune.it\/en\/\",\"name\":\"EDUCARE IN COMUNE - a project of the municipality of Cant\u00f9\",\"isPartOf\":{\"@id\":\"https:\/\/www.educareincomune.it\/#website\"},\"datePublished\":\"2023-10-06T18:00:29+00:00\",\"dateModified\":\"2025-03-24T16:16:24+00:00\",\"description\":\"Point of reference to support families and communities by promoting educational resources and development opportunities available in the area.\",\"breadcrumb\":{\"@id\":\"https:\/\/www.educareincomune.it\/en\/#breadcrumb\"},\"inLanguage\":\"en-US\",\"potentialAction\":[{\"@type\":\"ReadAction\",\"target\":[\"https:\/\/www.educareincomune.it\/en\/\"]}]},{\"@type\":\"BreadcrumbList\",\"@id\":\"https:\/\/www.educareincomune.it\/en\/#breadcrumb\",\"itemListElement\":[{\"@type\":\"ListItem\",\"position\":1,\"name\":\"Home\",\"item\":\"https:\/\/www.educareincomune.it\/en\/\"},{\"@type\":\"ListItem\",\"position\":2,\"name\":\"Home\"}]},{\"@type\":\"WebSite\",\"@id\":\"https:\/\/www.educareincomune.it\/#website\",\"url\":\"https:\/\/www.educareincomune.it\/\",\"name\":\"Educare in comune a Cant\u00f9\",\"description\":\"Punto di riferimento per supportare famiglie e comunit\u00e0, promuovendo risorse educative e opportunit\u00e0 di sviluppo.\",\"publisher\":{\"@id\":\"https:\/\/www.educareincomune.it\/#organization\"},\"potentialAction\":[{\"@type\":\"SearchAction\",\"target\":{\"@type\":\"EntryPoint\",\"urlTemplate\":\"https:\/\/www.educareincomune.it\/?s={search_term_string}\"},\"query-input\":{\"@type\":\"PropertyValueSpecification\",\"valueRequired\":true,\"valueName\":\"search_term_string\"}}],\"inLanguage\":\"en-US\"},{\"@type\":\"Organization\",\"@id\":\"https:\/\/www.educareincomune.it\/#organization\",\"name\":\"Educare in comune a Cant\u00f9\",\"url\":\"https:\/\/www.educareincomune.it\/\",\"logo\":{\"@type\":\"ImageObject\",\"inLanguage\":\"en-US\",\"@id\":\"https:\/\/www.educareincomune.it\/#\/schema\/logo\/image\/\",\"url\":\"https:\/\/educareincomune.it\/wp-content\/uploads\/2024\/03\/Edu-ca_logo_02.png\",\"contentUrl\":\"https:\/\/educareincomune.it\/wp-content\/uploads\/2024\/03\/Edu-ca_logo_02.png\",\"width\":300,\"height\":125,\"caption\":\"Educare in comune a Cant\u00f9\"},\"image\":{\"@id\":\"https:\/\/www.educareincomune.it\/#\/schema\/logo\/image\/\"}}]}<\/script>\n<!-- \/ Yoast SEO plugin. -->","yoast_head_json":{"title":"EDUCARE IN COMUNE - a project of the municipality of Cant\u00f9","description":"Point of reference to support families and communities by promoting educational resources and development opportunities available in the area.","robots":{"index":"index","follow":"follow","max-snippet":"max-snippet:-1","max-image-preview":"max-image-preview:large","max-video-preview":"max-video-preview:-1"},"canonical":"https:\/\/www.educareincomune.it\/en\/","og_locale":"en_US","og_type":"article","og_title":"EDUCARE IN COMUNE - a project of the municipality of Cant\u00f9","og_description":"Point of reference to support families and communities by promoting educational resources and development opportunities available in the area.","og_url":"https:\/\/www.educareincomune.it\/en\/","og_site_name":"Educare in comune a Cant\u00f9","article_modified_time":"2025-03-24T16:16:24+00:00","twitter_card":"summary_large_image","twitter_misc":{"Est. reading time":"2 minutes"},"schema":{"@context":"https:\/\/schema.org","@graph":[{"@type":"WebPage","@id":"https:\/\/www.educareincomune.it\/en\/","url":"https:\/\/www.educareincomune.it\/en\/","name":"EDUCARE IN COMUNE - a project of the municipality of Cant\u00f9","isPartOf":{"@id":"https:\/\/www.educareincomune.it\/#website"},"datePublished":"2023-10-06T18:00:29+00:00","dateModified":"2025-03-24T16:16:24+00:00","description":"Point of reference to support families and communities by promoting educational resources and development opportunities available in the area.","breadcrumb":{"@id":"https:\/\/www.educareincomune.it\/en\/#breadcrumb"},"inLanguage":"en-US","potentialAction":[{"@type":"ReadAction","target":["https:\/\/www.educareincomune.it\/en\/"]}]},{"@type":"BreadcrumbList","@id":"https:\/\/www.educareincomune.it\/en\/#breadcrumb","itemListElement":[{"@type":"ListItem","position":1,"name":"Home","item":"https:\/\/www.educareincomune.it\/en\/"},{"@type":"ListItem","position":2,"name":"Home"}]},{"@type":"WebSite","@id":"https:\/\/www.educareincomune.it\/#website","url":"https:\/\/www.educareincomune.it\/","name":"Educare in comune a Cant\u00f9","description":"Punto di riferimento per supportare famiglie e comunit\u00e0, promuovendo risorse educative e opportunit\u00e0 di sviluppo.","publisher":{"@id":"https:\/\/www.educareincomune.it\/#organization"},"potentialAction":[{"@type":"SearchAction","target":{"@type":"EntryPoint","urlTemplate":"https:\/\/www.educareincomune.it\/?s={search_term_string}"},"query-input":{"@type":"PropertyValueSpecification","valueRequired":true,"valueName":"search_term_string"}}],"inLanguage":"en-US"},{"@type":"Organization","@id":"https:\/\/www.educareincomune.it\/#organization","name":"Educare in comune a Cant\u00f9","url":"https:\/\/www.educareincomune.it\/","logo":{"@type":"ImageObject","inLanguage":"en-US","@id":"https:\/\/www.educareincomune.it\/#\/schema\/logo\/image\/","url":"https:\/\/educareincomune.it\/wp-content\/uploads\/2024\/03\/Edu-ca_logo_02.png","contentUrl":"https:\/\/educareincomune.it\/wp-content\/uploads\/2024\/03\/Edu-ca_logo_02.png","width":300,"height":125,"caption":"Educare in comune a Cant\u00f9"},"image":{"@id":"https:\/\/www.educareincomune.it\/#\/schema\/logo\/image\/"}}]}},"_links":{"self":[{"href":"https:\/\/www.educareincomune.it\/en\/wp-json\/wp\/v2\/pages\/586","targetHints":{"allow":["GET"]}}],"collection":[{"href":"https:\/\/www.educareincomune.it\/en\/wp-json\/wp\/v2\/pages"}],"about":[{"href":"https:\/\/www.educareincomune.it\/en\/wp-json\/wp\/v2\/types\/page"}],"author":[{"embeddable":true,"href":"https:\/\/www.educareincomune.it\/en\/wp-json\/wp\/v2\/users\/1"}],"replies":[{"embeddable":true,"href":"https:\/\/www.educareincomune.it\/en\/wp-json\/wp\/v2\/comments?post=586"}],"version-history":[{"count":12,"href":"https:\/\/www.educareincomune.it\/en\/wp-json\/wp\/v2\/pages\/586\/revisions"}],"predecessor-version":[{"id":1003,"href":"https:\/\/www.educareincomune.it\/en\/wp-json\/wp\/v2\/pages\/586\/revisions\/1003"}],"wp:attachment":[{"href":"https:\/\/www.educareincomune.it\/en\/wp-json\/wp\/v2\/media?parent=586"}],"curies":[{"name":"wp","href":"https:\/\/api.w.org\/{rel}","templated":true}]}}

<div class="wpb-content-wrapper"><p>[vc_row equal_height=&#8221;yes&#8221; content_placement=&#8221;top&#8221;][vc_column width=&#8221;1/2&#8243;][vc_empty_space height=&#8221;40px&#8221;][vc_custom_heading text=&#8221;The project&#8221; font_container=&#8221;tag:h1|text_align:left&#8221; use_theme_fonts=&#8221;yes&#8221; css=&#8221;.vc_custom_1728059261298{margin-bottom: 20px !important;}&#8221;][vc_custom_heading text=&#8221;EDUCARE IN COMUNE is an initiative of the Municipality of Cantù, in partnership with MondoVisione and Progetto Sociale. It acts as a key resource for assisting families and the community, promoting educational resources and development opportunities.&#8221; font_container=&#8221;tag:p|font_size:18px|text_align:left&#8221; use_theme_fonts=&#8221;yes&#8221;][vc_custom_heading text=&#8221;At the help desk, the &#8220;Family Space&#8220; welcomes and guides minors and caregivers, connecting them with the available local resources. Additionally, through in-person or remote meetings, it provides support and information to meet the educational needs of the community.&#8221; font_container=&#8221;tag:p|font_size:18px|text_align:left&#8221; use_theme_fonts=&#8221;yes&#8221;][vc_empty_space height=&#8221;40px&#8221;][vc_custom_heading text=&#8221;Dove e quando&#8221; use_theme_fonts=&#8221;yes&#8221; css=&#8221;.vc_custom_1742310529647{margin-bottom: 20px !important;}&#8221;][vc_custom_heading text=&#8221;Sala Somaini, via dei Pizzi 9, Cantù&#8221; font_container=&#8221;tag:p|font_size:18px|text_align:left&#8221; use_theme_fonts=&#8221;yes&#8221; css=&#8221;&#8221;][vc_custom_heading text=&#8221;ORARI<br />
&#8211; Lunedì pomeriggio: dalle 16:00 alle 18:30<br />
&#8211; Giovedì mattina: dalle 09:00 alle 11:30&#8243; font_container=&#8221;tag:p|font_size:18px|text_align:left&#8221; use_theme_fonts=&#8221;yes&#8221; css=&#8221;&#8221;][/vc_column][vc_column width=&#8221;1/2&#8243; offset=&#8221;vc_hidden-sm vc_hidden-xs&#8221;][vc_single_image image=&#8221;162&#8243; img_size=&#8221;full&#8221; css=&#8221;.vc_custom_1712149758272{margin-top: -50px !important;}&#8221;][/vc_column][vc_column width=&#8221;1/2&#8243; css=&#8221;.vc_custom_1710260023393{background-image: url(https://educareincomune.it/wp-content/uploads/2024/03/pattern.jpg?id=162) !important;background-position: center !important;background-repeat: no-repeat !important;background-size: cover !important;}&#8221; offset=&#8221;vc_hidden-lg vc_hidden-md&#8221;][vc_empty_space height=&#8221;200px&#8221;][/vc_column][/vc_row][vc_row][vc_column css=&#8221;.vc_custom_1724769502860{margin-top: 0px !important;margin-bottom: 0px !important;padding-top: 0px !important;padding-bottom: 0px !important;}&#8221;][vc_column_text][/vc_column_text][/vc_column][/vc_row][vc_row][vc_column css=&#8221;.vc_custom_1724769502860{margin-top: 0px !important;margin-bottom: 0px !important;padding-top: 0px !important;padding-bottom: 0px !important;}&#8221;][vc_column_text][/vc_column_text][/vc_column][/vc_row]</p>
</div>

<p>[vc_row equal_height=&#8221;yes&#8221; content_placement=&#8221;top&#8221;][vc_column width=&#8221;1/2&#8243;][vc_empty_space height=&#8221;40px&#8221;][vc_custom_heading text=&#8221;The project&#8221; font_container=&#8221;tag:h1|text_align:left&#8221; use_theme_fonts=&#8221;yes&#8221; css=&#8221;.vc_custom_1728059261298{margin-bottom: 20px !important;}&#8221;][vc_custom_heading text=&#8221;EDUCARE IN COMUNE is an initiative of the Municipality of Cantù, in partnership with MondoVisione and Progetto Sociale. It acts as a key resource for assisting families and the community, promoting educational resources and development opportunities.&#8221; font_container=&#8221;tag:p|font_size:18px|text_align:left&#8221; use_theme_fonts=&#8221;yes&#8221;][vc_custom_heading text=&#8221;At the help desk, the&hellip;</p>

<!-- This site is optimized with the Yoast SEO plugin v27.0 - https://yoast.com/product/yoast-seo-wordpress/ -->
<title>EDUCARE IN COMUNE - a project of the municipality of Cantù</title>
<meta name="description" content="Point of reference to support families and communities by promoting educational resources and development opportunities available in the area." />
<meta name="robots" content="index, follow, max-snippet:-1, max-image-preview:large, max-video-preview:-1" />
<link rel="canonical" href="https://www.educareincomune.it/en/" />
<meta property="og:locale" content="en_US" />
<meta property="og:type" content="article" />
<meta property="og:title" content="EDUCARE IN COMUNE - a project of the municipality of Cantù" />
<meta property="og:description" content="Point of reference to support families and communities by promoting educational resources and development opportunities available in the area." />
<meta property="og:url" content="https://www.educareincomune.it/en/" />
<meta property="og:site_name" content="Educare in comune a Cantù" />
<meta property="article:modified_time" content="2025-03-24T16:16:24+00:00" />
<meta name="twitter:card" content="summary_large_image" />
<meta name="twitter:label1" content="Est. reading time" />
	<meta name="twitter:data1" content="2 minutes" />
<script type="application/ld+json" class="yoast-schema-graph">{"@context":"https://schema.org","@graph":[{"@type":"WebPage","@id":"https://www.educareincomune.it/en/","url":"https://www.educareincomune.it/en/","name":"EDUCARE IN COMUNE - a project of the municipality of Cantù","isPartOf":{"@id":"https://www.educareincomune.it/#website"},"datePublished":"2023-10-06T18:00:29+00:00","dateModified":"2025-03-24T16:16:24+00:00","description":"Point of reference to support families and communities by promoting educational resources and development opportunities available in the area.","breadcrumb":{"@id":"https://www.educareincomune.it/en/#breadcrumb"},"inLanguage":"en-US","potentialAction":[{"@type":"ReadAction","target":["https://www.educareincomune.it/en/"]}]},{"@type":"BreadcrumbList","@id":"https://www.educareincomune.it/en/#breadcrumb","itemListElement":[{"@type":"ListItem","position":1,"name":"Home","item":"https://www.educareincomune.it/en/"},{"@type":"ListItem","position":2,"name":"Home"}]},{"@type":"WebSite","@id":"https://www.educareincomune.it/#website","url":"https://www.educareincomune.it/","name":"Educare in comune a Cantù","description":"Punto di riferimento per supportare famiglie e comunità, promuovendo risorse educative e opportunità di sviluppo.","publisher":{"@id":"https://www.educareincomune.it/#organization"},"potentialAction":[{"@type":"SearchAction","target":{"@type":"EntryPoint","urlTemplate":"https://www.educareincomune.it/?s={search_term_string}"},"query-input":{"@type":"PropertyValueSpecification","valueRequired":true,"valueName":"search_term_string"}}],"inLanguage":"en-US"},{"@type":"Organization","@id":"https://www.educareincomune.it/#organization","name":"Educare in comune a Cantù","url":"https://www.educareincomune.it/","logo":{"@type":"ImageObject","inLanguage":"en-US","@id":"https://www.educareincomune.it/#/schema/logo/image/","url":"https://educareincomune.it/wp-content/uploads/2024/03/Edu-ca_logo_02.png","contentUrl":"https://educareincomune.it/wp-content/uploads/2024/03/Edu-ca_logo_02.png","width":300,"height":125,"caption":"Educare in comune a Cantù"},"image":{"@id":"https://www.educareincomune.it/#/schema/logo/image/"}}]}</script>
<!-- / Yoast SEO plugin. -->

EDUCARE IN COMUNE - a project of the municipality of Cantù

Educare in comune a Cantù

Punto di riferimento per supportare famiglie e comunità, promuovendo risorse educative e opportunità di sviluppo.
